mber?
False
Suppose 13*t - 4916 = 10*t + 5*q, t + 4*q - 1633 = 0. Suppose 12*c - t = 11*c. Is c a prime number?
True
Is (-4)/(-6)*(9495/(-1688))/(6/(-887032)) a prime number?
False
Suppose 3*r + 25 = v, -2*r + v + 18 = 35. Suppose -235 = 5*c + 45. Is c/r*26/2 prime?
False
Let r(j) = 27*j**3 - 3*j**2 - 5*j + 20. Let u be r(4). Suppose -a + 22 = -4*p - 15, 0 = -4*a - 3*p + 224. Let n = u + a. Is n composite?
False
Let h(z) = 15686*z**3 - z**2 + 121*z - 243. Is h(2) a composite number?
True
Suppose 0 = -3*r + 12, -41762 = -127*u + 125*u + 3*r. Is u prime?
True
Let c be 0 + -4 - -11 - 1666. Let d = c + 3470. Is d prime?
True
Let l = 1002428 + -432931. Is l prime?
True
Let p = 506831 + -88090. Is p composite?
True
Let j(d) = d**2 + 4*d - 7. Let v be j(-8). Let n = -22 + v. Suppose -r + 4*b + 293 = 0, 2*r + n*b = b + 616. Is r a composite number?
True
Suppose 6*y - 390 = -90. Let t = y - 33. Let q(d) = d**3 - 13*d**2 + 12*d - 17. Is q(t) composite?
True
Let r = 176893 - 97938. Is r prime?
False
Let k(g) = 3*g**3 - 6*g**2 + 10*g + 16. Let b(n) = -2*n**3 + 7*n**2 - 10*n - 17. Let h(s) = 4*b(s) + 3*k(s). Is h(17) a prime number?
False
Suppose 45*q + 112041 = 29*q + 25*q. Is q a composite number?
True
Let s = -4480 - -4511. Suppose 4*a = 5*a - 1704. Let d = a - s. Is d composite?
True
Let i(p) = 595*p + 74. Let h be (10/4)/((-31)/(-186)). Is i(h) a prime number?
True
Is 4/34 + (-148502784)/(-4352) composite?
False
Let o = -8257 + 8994. Is o a composite number?
True
Suppose 17*c + 6*c - 1761931 = 2283976. Is c a composite number?
False
Let i(l) = 948300*l - 217. Is i(1) composite?
True
Suppose 3*f - 15 = -0*f. Suppose -2*d = -2*z + 216, 435 = -f*d + 3*z - 99. Let w = 182 + d. Is w a prime number?
False
Suppose 269 = 5*m + 69. Let s = 43 - m. Suppose -s*q + 6*q = 879. Is q a prime number?
True
Is 3728515/20 - 15/(-12) a prime number?
False
Let n(x) = -5*x**3 - 20*x**2 + 3*x + 12. Let c be n(8). Let h = c - -7915. Is h a composite number?
False
Suppose -4*y + 0 = 5*p - 8, -3*y = -p - 6. Suppose p = -3*s + 3, 4*j - 5*j = -3*s - 3043. Is j prime?
False
Let i(k) = k**3 - k**2 + 2*k - 24. Let m be i(0). Let q = 24 + m. Suppose q = -y + 5*v + 557, -5*y + 3845 - 1060 = 5*v. Is y a prime number?
True
Let g = -5105 - -9255. Let y = 10383 - g. Is y composite?
True
Let f be 13/(39/(-10))*6/(-5). Let r = -4 - -6. Suppose 0 = -4*i - 0*j + f*j + 1976, -1477 = -3*i + r*j. Is i a composite number?
True
Let x(g) = g**3 + 17*g**2 - 14*g + 1. Let l = 52 - 57. Let m(z) = 3*z**3 + 33*z**2 - 27*z + 1. Let u(n) = l*x(n) + 2*m(n). Is u(19) a prime number?
False
Let p be (8/12)/(2/66). Is 31637/17*p/2 prime?
False
Suppose -i - 138 + 14 = 4*g, -5*g = -i + 155. Is 124/g - -1*10103 a prime number?
True
Let w(k) = 365*k + 27. Let r be w(4). Let n = 2388 - r. Is n a composite number?
True
Suppose 4*g - 2*g - 38 = 0. Suppose -5*i = -g - 1. Suppose -3*q - 2*q = -3*p - 7675, 0 = i*p. Is q prime?
False
Let x = 72635 - 31720. Is (-2)/(-5) - (-5)/(125/x) a composite number?
False
Let i(g) = -g**3 - 13*g**2 + 28*g - 42. Let k be i(-15). Let z(d) = d. Let q be z(2). Is 3*((-308)/k - q) composite?
False
Let t be ((-32824)/6)/(6/(-9)). Is (134/201)/(-1 + t/8202) a composite number?
False
Suppose 51*z - 392282 - 7759711 = 0. Is z a prime number?
False
Let g be 883/(-7 + 48/8). Let c = 5520 + g. Is c a composite number?
False
Suppose 3*k - 9*q + 8*q = 98182, 5*k - 5*q = 163630. Suppose 11*g - k = -7351. Is g prime?
False
Let a = 1007 + -630. Suppose a - 11387 = 6*b. Let d = b + 3162. Is d a prime number?
True
Suppose 5*h = 7*r - 12*r + 580875, -2*h - 3*r = -232352. Is h composite?
True
Let m be 3/2*(-48)/(-9). Let u be (6/9)/(m/(-1416)). Let p = 176 + u. Is p a prime number?
False
Let l = -34 + 44. Suppose l*r + 181 = 2631. Suppose w - 296 = r. Is w composite?
False
Suppose -3*r = -4*r + 17*r - 128. Let p(m) be the second derivative of 59*m**3/2 - 17*m**2/2 - m. Is p(r) a composite number?
False
Suppose 4*u - 197299 = 5*h, 16*h - 98687 = -2*u + 11*h. Is u a composite number?
False
Let m be 3366 + (-6 - -3 - (2 + -9)). Let b = 7453 - m. Is b a composite number?
True
Let v be (0 + -1)*(2 - 827). Let g = v + 8948. Is g prime?
False
Let b = -1567 - -4022. Suppose 0 = 6*h - b - 329. Suppose -n - h = -y, -y + 2*y = 2*n + 459. Is y prime?
False
Suppose 20*o - 638588 = 16*o + 2*n, -3*n = 8*o - 1277204. Is o a composite number?
True
Let y(l) = 5*l + 25. Let t be y(-5). Suppose -7*m - 22*m + 3335 = t. Is m a composite number?
True
Suppose 3*a - 8*a = -8605. Suppose 2*s = k - 1715, 5*s + a = -17*k + 18*k. Is k a composite number?
True
Let q(i) = 3014*i + 0 + 14 + 61. Is q(16) a prime number?
True
Suppose -2*a + 43185 = m, 18 = 5*a + 3. Suppose 4*o - 34540 = -4*k, 5*k - 3*o = -6*o + m. Is k composite?
True
Suppose 0 = -4*v - 16, 3*v = 2*r - 2*v - 64. Let d = r - 22. Let p(t) = -t**2 + t + 161. Is p(d) prime?
False
Suppose -2281 = 9*n - 625. Let p be -2 + (1*323 - -2). Let r = n + p. Is r composite?
False
Let h(s) be the second derivative of -7*s**3/3 + 10307*s**2/2 - 3*s + 33. Is h(0) a prime number?
False
Let u(x) = 0 + 14*x + 5 - 3*x**2 - 8*x. Let z be u(8). Let i = 10 - z. Is i a composite number?
False
Is (0 + 4)*175664/64 prime?
True
Let g = 26 + -22. Suppose 0 = g*p - 2*u + 732, 945 = -5*p - 0*p - 5*u. Let x = p + 282. Is x a composite number?
False
Let t = -103 - -105. Suppose 4*d + 3*l = 24, d = -t*d + 2*l + 1. Suppose 2*v - 4*b - 1934 = 0, 3*b + 3098 = d*v + 182. Is v a prime number?
True
Let v be (-34)/(-8) - (-2)/(-8). Suppose -m = v*j - 6574, -5*j = 7*m - 4*m - 8221. Is j a composite number?
True
Suppose h + 4 = 2*i, 4*h + h + 3*i - 6 = 0. Suppose h = -x - v + 3670, 4214 + 6800 = 3*x - v. Is x a composite number?
False
Let v(z) = 35901*z - 6731. Is v(38) prime?
True
Let k(a) = -7 - 3 + 1 + 204*a - 4. Let b = 5 + 0. Is k(b) composite?
True
Suppose 83 = 6*z + 53. Suppose z*q - 4091 = -4*r, 0 = -5*r + 14*q - 16*q + 5101. Is r a prime number?
True
Let v be 2 - 2 - 5 - (-328833)/57. Suppose 25*n - 107189 + v = 0. Is n a composite number?
False
Let s = 34702 - 13613. Is s a prime number?
True
Suppose -7*b + 2*b - 203657 = -3*v, 3*b = 2*v - 135770. Is v composite?
True
Suppose 0 = -26*h + 10*h - 2320. Let z = 3 + -6. Is ((-24)/(-20))/(z + (-437)/h) prime?
False
Let g(k) = -4*k**3 - 19*k**2 - 26*k + 10. Let u be g(-22). Suppose -3*d = -d - u. Suppose -35*f = -38*f + d. Is f a prime number?
False
Suppose 30*k - 14*k = -64. Is (-16350)/k - (-87)/(-174) a composite number?
True
Suppose -5*q + 44 + 16 = 0. Suppose 0*g + 12 = d + 4*g, 0 = -4*g + q. Is (86 - d)*((-116)/(-8) - 3) a composite number?
True
Let t(i) = -125*i - 87. Is t(-26) prime?
True
Let i(x) = 98*x**2 - 2*x + 24. Let l be i(7). Suppose 0 = -10*b + 2558 + l. Is b composite?
True
Let i = 375574 - 208837. Is i a prime number?
False
Let t = -26 + 16. Let w be (-1)/(t/2926) - 12/(-30). Suppose p = 224 + w. Is p a prime number?
False
Let q be (3/9)/((44/72)/11). Suppose -q = -3*u, -1580 = -4*o + 3*o - 3*u. Is o prime?
False
Let j(v) = 16600*v**2 - 110*v - 1317. Is j(-11) a prime number?
True
Suppose 15*h + 238392 = 19*h. Suppose -14*m - h = -225512. Is m a composite number?
True
Suppose 5*h - 32484 = -4*m, -1 + 3 = 2*m. Let o = h - 2615. Is o composite?
False
Suppose -4*k - 50 + 102 = 0. Suppose -k*p - 1982 = -15*p. Is p a prime number?
True
Let a(t) = -21*t + 71. Let x be (-285)/12 + 4 + (-1)/4. Is a(x) a composite number?
False
Let x(z) = 266*z**2 + 157*z - 25. Is x(12) a composite number?
False
Suppose 28 = 5*d + 13. Suppose -977 = -d*x + 2*x. Is x a composite number?
False
Let o be 1*95/15 + 4/(-3). Suppose z = 3*b - 51275, 2*z - 38145 = -o*b + 47328. Is b composite?
False
Suppose 3*m - g - 3*g + 5 = 0, -3*g + 7 = m. Let u be (-735)/m - 8/(-8). Let f = u - -1641. Is f composite?
False
Let g(k) = 2*k**2 + 13*k - 2. Let m be g(-5). Let i(p) = 67*p**2 - 6*p - 13. Let u be i(-6). Is 18 + m + (u - -1) prime?
True
Let o be ((-4)/(-1) - 3) + -1. Let v be 11 + -3 + o + -4. Suppose 0 = 5*i - 10, 4*d = -d + v*i + 5927. Is d a composite number?
False
Suppose d = 682 - 16. Let y(f) = -2*f**2 - 97*f + 1339. Let s be y(-62). Let l = d + s. Is l composite?
False
Let p(h) = 5*h**2 - 20*h + 33*h - 16*h - 3*h**3 + 12*h**3 + 8. Let c be p(5). Suppose n + 332 =